3*f**2 + f + 4. Let t(b) = 4*b**2 + 4. Let c(s) = 3*p(s) - 2*t(s). What is c(-5)?
14
Let g(y) = -y**2 - 4*y - 1. Suppose -5*l - 69 = -14. Let a(i) = i**2 + 10*i - 14. Let s be a(l). What is g(s)?
2
Let f(v) be the second derivative of -v**6/120 - v**4/24 + v**3/6 - 3*v**2/2 - v. Let m(r) be the first derivative of f(r). Give m(1).
-1
Let w(d) = 2*d - 2. Let f = -10 - -14. Suppose f = -3*q + 5*x, -5*q = 5*x - x - 18. Give w(q).
2
Let o(t) = 5 - 5*t + 3*t + 4*t - t. Let z = 3 - 1. Suppose 3*h = -k + 12, 4*k + 0*h = z*h - 22. What is o(k)?
2
Let n(y) = -5*y**2 - 11*y + 12. Let c(k) = -2*k**2 - 6*k + 6. Suppose u + 2 = -1. Let b(f) = u*n(f) + 7*c(f). Give b(4).
-14
Let m(p) = -4*p - 6. Let y(i) = -3*i - 7. Let l(r) = 5*m(r) - 6*y(r). Calculate l(10).
-8
Let v(f) = -6*f**2 - 15. Let n(d) = -d**2 - 3. Let b(z) = -11*n(z) + 2*v(z). What is b(0)?
3
Let g(i) = -2*i**3 - i**2 + i. Let d(t) = -3*t**2 + 3*t + 2*t + 4*t**2 + 3 - t. Let u be d(-4). Suppose -v = -5*n + v + 11, 3*v + 6 = -u*n. Give g(n).
-2
Let f(u) = -5*u**2 - 5*u - 10. Let b be (1 - -1)/(2/4). Let y(l) = -6*l**2 - 5*l - 11. Let m(j) = b*y(j) - 5*f(j). Give m(-4).
2
Let i(z) = z**2 + 4*z + 6. Suppose 10 = o + 15. What is i(o)?
11
Let b(v) = -2*v**2 - v + 1. Let d be (-112)/(-11) + (-18)/99. Let t = d + -8. Give b(t).
-9
Let g(k) = -2*k + 6*k**2 - 6*k + 2*k + 3 - k**3. Let x(m) = -m + 9. Let w be x(7). Suppose -20 = -2*l - w*l. Determine g(l).
-2
Suppose -3*y - 24 = -4*z, 4*y + 3 = z - 16. Let w(c) be the first derivative of c**3/3 - 2*c**2 + 2. Determine w(z).
-3
Let g = 45 + -22. Suppose -3*q = n + 7, -3*q - 4 - g = -3*n. Let u(s) = -s**3 - 3*s**2 + 2*s + 1. Give u(q).
9
Suppose -120*f = -122*f + 2. Let x(d) = -20*d + 1. Calculate x(f).
-19
Let i(y) = -4*y**2 + 2*y + 7. Let p(s) be the third derivative of s**5/60 + s**4/24 - s**3/6 + 2*s**2. Let r(q) = i(q) + 3*p(q). Calculate r(5).
4
Let g(r) = -4*r + r + 3*r - 2*r. What is g(-3)?
6
Let u(h) = 8*h**3 - 2*h**2 - 2*h - 3. Let l(t) = -25*t**3 + 5*t**2 + 5*t + 8. Let p(j) = -3*l(j) - 8*u(j). Give p(-1).
-11
Let v(r) = r**2 + 6*r - 1. Let d(a) = a**2 + 3*a. Let h(k) = 7*d(k) - 3*v(k). What is h(-2)?
13
Let h(v) = 2*v**3 - 3*v**2 + 3*v - 3. Let m be 99/36 + 4/(16/(-3)). What is h(m)?
7
Let f(u) be the first derivative of u**2/2 + 2*u - 2. Let p be (8/10)/((-2)/5). What is f(p)?
0
Let i(o) = -o**2 + 11 + o**2 - o + o**2. What is i(0)?
11
Let t(n) = n**3 - 2*n**2 - n + 1. Let m(k) = k - 7. Let x be m(9). Give t(x).
-1
Let u be -1*2 + (-2 - 6). Let o = u - -8. Let y be o/8 - (-100)/16. Let x(b) = -b - 1. Calculate x(y).
-7
Let o(y) be the third derivative of -y**6/15 - y**5/60 + y**2. Let m be ((5 + -3)*1)/(-2). Calculate o(m).
7
Let y be ((-4)/(-10))/((-1)/(-5)). Let d = y - 1. Let c(t) = -3*t - 1. Give c(d).
-4
Let m(p) = p**3 + 3*p**2 - 3*p. Let s be 16/6 - (-1)/3. Suppose 18 = s*q - 0*z + 3*z, -2*q + 18 = 4*z. Suppose q*c + 4 = 2*c. Calculate m(c).
-4
Suppose 0 = 4*d - 16, 18 = f + 5*d - 4. Let g(x) = -2*x + 3*x + x**f + x - 1. Calculate g(-4).
7
Let k(x) = x**2 + 11*x + 4. Let r = 11 - 21. Let c be k(r). Let a(q) = -2*q. Give a(c).
12
Let z(o) = -7*o**2 + 8*o + 9. Let w(s) = 8*s**2 - 9*s - 10. Let h be (33/(-6) + 2)*2. Let a(x) = h*z(x) - 6*w(x). Calculate a(4).
5
Let c = 1 + 9. Let x = 10 - c. Let m(j) = j + 6 + j - j. What is m(x)?
6
Let f be (-3)/((-12)/(-10))*-2. Suppose 5*o = -4*g - 2, 10*o - f*o + 8 = -g. Let z(v) = -4*v - v**g - v - 3 + 10. What is z(-5)?
7
Let v(l) = l + 11. Let n(m) = -2*m - 23. Let d(t) = -2*n(t) - 5*v(t). What is d(-8)?
-1
Let h(v) be the third derivative of v**6/120 + v**4/12 + v**3/6 + 6*v**2. Calculate h(-1).
-2
Let m(a) = a - 2. Let k be m(2). Suppose 18 = 3*w - k*w. Let u(z) = 1 + 1 - 6 - 5*z + z**2. Calculate u(w).
2
Let v(c) = 7*c**2 + 2*c - 1. Let w(y) = y**3 + 4*y**2 + 3*y + 3. Let f be w(-3). Suppose 3*b - f*p = 18, 3*b + 22 = 5*b - 4*p. Give v(b).
8
Let o(p) = p**2 - 5*p - 2. Let u be (-2)/(-5) + (-6)/(-10). Let b = 4 + u. Calculate o(b).
-2
Let x(m) = m - 1. Let b = -4 + 9. Determine x(b).
4
Suppose 0 = -z - 4*h + 11, 2*z - 5 = z - 2*h. Let j(t) = 9*t**3 + 5*t + 6. Let r(f) = -f**3 - f - 1. Let q(o) = j(o) + 6*r(o). Determine q(z).
-2
Let i = -93 + 97. Let b(l) be the first derivative of -l + 7/2*l**2 + i. Give b(-1).
-8
Let w be (-6)/15 + (-17)/(-5). Let h(a) be the first derivative of -a**3/3 + a**2 - 3*a - 21. Give h(w).
-6
Let y(u) = -18*u**2 + 2*u + 2. Let s(b) = -9*b**2 + b + 1. Let a(r) = -9*s(r) + 4*y(r). What is a(-1)?
9
Let y be 29/2 + (-1)/(-2). Let p be (y/(-6) + 1)*-2. Let j(d) be the first derivative of 2*d**3/3 - 3*d**2/2 - 4*d - 1. What is j(p)?
5
Let y(f) = -f**2 + 11*f + 14. Let g be y(12). Let x(w) be the first derivative of 4*w - 1 + 3/2*w**g. Calculate x(-3).
-5
Let c(z) = 5*z**2 - z. Let p(r) = 2*r - 6. Let o be p(4). Let h be 12/10*(-5)/(-2). Let s = h - o. Determine c(s).
4
Let s(f) = -f + 7. Let n be 1 - 4/(4/(-7)). Suppose -5*q - 4*a = -3*q + n, -4*q + 4 = 4*a. Give s(q).
1
Let w(h) be the second derivative of -h**4/4 - h**3/3 + h**2 - 21*h. Suppose 3*c + 3 + 3 = 0. Give w(c).
-6
Suppose m = -0*m + 2. Let i(r) be the first derivative of -r**4/4 + r**3 + 9. Give i(m).
4
Let t(w) = w**3 + w**2 - w - 4. Let b = -31 + 31. Calculate t(b).
-4
Let y(o) be the third derivative of -o**4/24 - o**3/2 + 4*o**2. Let r = -1 - -7. Suppose -2*d = -3*d - r. Determine y(d).
3
Let q = -5 + 9. Suppose -5*l + g + 4 = 0, -3*l + 2*l + 5 = q*g. Let o(f) = 0*f + l - f - 2*f. Determine o(-2).
7
Let b(z) = -2*z**3 - z**2 - z. Let t be b(-1). Suppose -1 = -2*n + 5*m - 0, -t*m = -2*n - 2. Let y(h) = 5*h - 1. Determine y(n).
-11
Let x(p) = -6*p + 4. Let z(f) = 11*f - 8. Let l(a) = -5*x(a) - 3*z(a). What is l(8)?
-20
Let l(q) be the second derivative of 0 - 1/24*q**4 + 2*q - 3/2*q**2 + 0*q**3. Let f(g) be the first derivative of l(g). Determine f(5).
-5
Let n = 15 - 14. Let g(w) be the first derivative of w**3/3 - w + 1. Let a(d) = 4*d**2 - 8. Let c(y) = a(y) - 8*g(y). Determine c(n).
-4
Let d(l) = -l**2 + 6*l - 6. Let v(w) = 5*w**2 - w - 1. Let c be v(-1). Suppose 0 = b - 5*b - 4*m + 32, 0 = b + c*m - 24. What is d(b)?
2
Let n(h) = -4*h**3 + 3*h**2 - 3*h - 2. Let w(z) = 5*z**3 - 3*z**2 + 3*z + 2. Let a(x) = -6*n(x) - 5*w(x). Let j(p) = -4*p + 44. Let r be j(12). Determine a(r).
6
Let b(o) be the first derivative of o**5/20 - o**4/6 - o**3/6 - 2*o + 2. Let w(s) be the first derivative of b(s). Calculate w(-1).
-2
Let h(j) be the second derivative of j**6/240 + j**5/60 + j**4/3 + 2*j. Let t(y) be the third derivative of h(y). Calculate t(-3).
-7
Suppose g - v = 2, 0*g - 2*g - v + 4 = 0. Suppose 0*x - g*x = 0. Let l(h) be the third derivative of h**4/24 - h**3/6 + 8*h**2. What is l(x)?
-1
Let c(f) be the second derivative of f**5/120 + f**4/12 + f**3/3 + 3*f. Let b(g) be the second derivative of c(g). What is b(2)?
4
Let k(g) = g**2 - 7*g. Let r(l) = -l**3 + 4*l**2 - 2*l. Let j be r(3). Give k(j).
-12
Let x(b) = -3*b + 5. Suppose 3 + 1 = -2*f. Let i(v) = -v**3 - v**2 - 2*v - 2. Let w be i(f). Suppose 2*r - w = 2. Give x(r).
-7
Let z(q) be the third derivative of q**5/60 + q**4/24 - q**3 + 9*q**2. Determine z(0).
-6
Let c(p) = 13*p - 2*p**2 - 17*p - 2*p**2 - 3. Give c(-2).
-11
Suppose -4*d = d - 15. Let x(a) = -3*a**2 - 4*a - 1. Let o(t) = -5*t**2 - 3*t - 2. Let m(v) = 2*o(v) - 3*x(v). Calculate m(d).
8
Let y(m) = m + 5. Suppose -7*o - 36 = 6. Give y(o).
-1
Let m(l) = -l**2 + l + 5. Let h be m(0). Let y(o) = -6*o**2 + 5*o + 6. Let t(d) = 6*d**2 - 6*d - 7. Let z(g) = h*t(g) + 6*y(g). Calculate z(1).
-5
Let v(s) be the second derivative of s**3/6 - 5*s**2/2 - 3*s. Let g be v(7). Let z(w) = -4*w**2 - w**2 - w - 1 + g*w**2 + 0*w. Give z(-1).
-3
Let s = 2 - -4. Suppose -2*a = -l + s*l - 25, -10 = 3*a - 2*l. Let n(k) = a - 7 + k + k**3 - 5*k**2 + k + 0*k. Determine n(5).
3
Let a be (15 - 6)*2/6. Let z(b) be the third derivative of 1/6*b**a - 3*b**2 + 0*b + 0 + 1/12*b**4. Calculate z(-1).
-1
Let r(m) = 3*m**2 + m. Let n be 2 + (-2 + 0 - -1). Let s = n - 0. Determine r(s).
4
Let r(n) = -1 + 26*n - 28*n + 3. What is r(4)?
-6
Suppose 2*z + 3*z = -20. Let r = z + 2. Let u(i) = -1. Let k(d) = d + 6. Let x(h) = -2*k(h) - 11*u(h). What is x(r)?
3
Let m(b) = -4*b + 1. Let t(o) = 9*o - 3. Let p(k) = -5*m(k) - 2*t(k). Let u